{"id":1679,"date":"2019-12-31T16:59:21","date_gmt":"2019-12-31T16:59:21","guid":{"rendered":"http:\/\/www.adeg-pleschberger.at\/2015\/?page_id=1679"},"modified":"2020-01-17T11:50:36","modified_gmt":"2020-01-17T11:50:36","slug":"naturkosmetik","status":"publish","type":"page","link":"http:\/\/www.adeg-pleschberger.at\/2015\/sortiment\/naturkosmetik\/","title":{"rendered":"Naturkosmetik"},"content":{"rendered":"\n<figure class=\"wp-block-image size-large is-resized\"><img loading=\"lazy\" decoding=\"async\" src=\"http:\/\/www.adeg-pleschberger.at\/2015\/wp-content\/uploads\/2019\/12\/Header-Cremen-und-Seifen-1024x480.png\" alt=\"\" class=\"wp-image-1695\" width=\"1024\" height=\"480\" srcset=\"http:\/\/www.adeg-pleschberger.at\/2015\/wp-content\/uploads\/2019\/12\/Header-Cremen-und-Seifen-1024x480.png 1024w, http:\/\/www.adeg-pleschberger.at\/2015\/wp-content\/uploads\/2019\/12\/Header-Cremen-und-Seifen-300x141.png 300w, http:\/\/www.adeg-pleschberger.at\/2015\/wp-content\/uploads\/2019\/12\/Header-Cremen-und-Seifen-768x360.png 768w, http:\/\/www.adeg-pleschberger.at\/2015\/wp-content\/uploads\/2019\/12\/Header-Cremen-und-Seifen-1536x720.png 1536w, http:\/\/www.adeg-pleschberger.at\/2015\/wp-content\/uploads\/2019\/12\/Header-Cremen-und-Seifen.png 1600w\" sizes=\"auto, (max-width: 1024px) 100vw, 1024px\" \/><\/figure>\n\n\n\n<h3 class=\"wp-block-heading\"><strong>Pflegende Naturkosmetik f\u00fcr K\u00f6rper, Geist &amp; Seele&nbsp;<\/strong><\/h3>\n\n\n\n<p style=\"text-align: justify;\">Naturkosmetik braucht keine exotischen Rohstoffe \u2013 sie setzt g\u00e4nzlich auf die wirkungsvolle Kraft der Pflanzen. Frei von synthetischen Zusatzstoffen findet sich in den Cremen, Salben und \u00e4therischen \u00d6len somit der ganze Reichtum der Natur wieder. Ganz ohne Parabene, Silikone oder Parabene. \nDie wertvollen Pflanzenextrakte und rein nat\u00fcrlichen Inhaltsstoffe von Naturkosmetik-Produkten verw\u00f6hnen nicht nur Haut und Haar mit einer hochwertigen Pflege, sondern beleben auch K\u00f6rper, Geist und Seele. &nbsp;<\/p>\n\n\n\n<div class=\"wp-block-image\"><figure class=\"aligncenter is-resized\"><img loading=\"lazy\" decoding=\"async\" src=\"http:\/\/www.adeg-pleschberger.at\/2015\/wp-content\/uploads\/2019\/12\/Gerhard-Pleschberger-Naturkosmetik-1024x683.png\" alt=\"\" class=\"wp-image-1655\" width=\"768\" height=\"512\" srcset=\"http:\/\/www.adeg-pleschberger.at\/2015\/wp-content\/uploads\/2019\/12\/Gerhard-Pleschberger-Naturkosmetik-1024x683.png 1024w, http:\/\/www.adeg-pleschberger.at\/2015\/wp-content\/uploads\/2019\/12\/Gerhard-Pleschberger-Naturkosmetik-300x200.png 300w, http:\/\/www.adeg-pleschberger.at\/2015\/wp-content\/uploads\/2019\/12\/Gerhard-Pleschberger-Naturkosmetik-768x512.png 768w, http:\/\/www.adeg-pleschberger.at\/2015\/wp-content\/uploads\/2019\/12\/Gerhard-Pleschberger-Naturkosmetik.png 1200w\" sizes=\"auto, (max-width: 768px) 100vw, 768px\" \/><figcaption>In unserer Filiale in Mauterndorf gibt es eine breite Palette an verschiedensten Naturkosmetik-Produkten zu entdecken!<\/figcaption><\/figure><\/div>\n\n\n\n<div class=\"wp-block-group\"><div class=\"wp-block-group__inner-container is-layout-flow wp-block-group-is-layout-flow\">\n<div class=\"wp-block-group\"><div class=\"wp-block-group__inner-container is-layout-flow wp-block-group-is-layout-flow\">\n<p style=\"text-align: justify;\">In unserer Filiale <a href=\"http:\/\/www.adeg-pleschberger.at\/2015\/filialen\/mauterndorf\/\">Mauterndorf<\/a> bieten wir eine gro\u00dfe Palette an Naturkosmetik-Produkten von Cremen, Salben und Lotions \u00fcber Saunakonzentrate bis hin zu Naturseifen unterschiedlichster Marken an. Auch in <a href=\"http:\/\/www.adeg-pleschberger.at\/2015\/filialen\/mariapfarr\/\">Mariapfarr<\/a>, <a href=\"http:\/\/www.adeg-pleschberger.at\/2015\/filialen\/gmuend\/\">Gm\u00fcnd<\/a> und <a href=\"http:\/\/www.adeg-pleschberger.at\/2015\/filialen\/rennweg\/\">Rennweg<\/a> bieten wir ein ausgew\u00e4hltes Cremen- und Seifen-Sortiment an:\n<\/div><\/div>\n<\/div><\/div>\n\n\n\n<h4 class=\"wp-block-heading\"><strong>Unterweger \u2013 die Marke der Natur&nbsp;<\/strong><\/h4>\n\n\n\n<p style=\"text-align: justify;\">Bereits seit \u00fcber 130 Jahren verw\u00f6hnen die vielseitigen Naturprodukte von <a rel=\"noreferrer noopener\" aria-label=\"UNTERWEGER (\u00f6ffnet in neuem Tab)\" href=\"https:\/\/www.unterweger-wellness.com\/de\/\" target=\"_blank\">Unterwege<\/a><a href=\"https:\/\/www.unterweger-wellness.com\/de\/\" target=\"_blank\" rel=\"noreferrer noopener\" aria-label=\"UNTERWEGER (\u00f6ffnet in neuem Tab)\">r<\/a> K\u00f6rper, Geist und Seele. Die Kraft der Kr\u00e4uter und Extrakte \u2013 wie Ringelblume, Lavendel, Zirbe oder Hanf \u2013 werden mit maximalen Erhalt ihrer Wirkung gewonnen und schonend verarbeitet. Als \u00e4therische \u00d6le, duftvolle Raumsprays sowie vitalisierende Cremen und Lotions entfalten sie auf ihre Weise eine belebende Wirkung.<\/p>\n\n\n\n<h4 class=\"wp-block-heading\"><strong>Inntaler Naturprodukte&nbsp;<\/strong><\/h4>\n\n\n\n<p style=\"text-align: justify;\">Die Marken <a href=\"https:\/\/www.inntaler-naturprodukte.de\/Das-Gute-aus-dem-Inntal\/\" target=\"_blank\" rel=\"noreferrer noopener\" aria-label=\"Das Gute aus dem Inntal (\u00f6ffnet in neuem Tab)\">Das Gute aus dem Inntal<\/a> sowie <a href=\"https:\/\/www.inntaler-naturprodukte.de\/Isentaler-Naturprodukte\/\" target=\"_blank\" rel=\"noreferrer noopener\" aria-label=\"Isentaler Naturprodukte (\u00f6ffnet in neuem Tab)\">Isentaler Naturprodukte<\/a> stehen f\u00fcr hochwertige und besonders vertr\u00e4gliche Naturprodukte f\u00fcr Haut, Muskeln, Gelenke und Wellness. Neben wohltuenden Saunaaufg\u00fcssen, die aus 100 Prozent reinen \u00e4therischen \u00d6len hergestellt werden, f\u00f6rdern pflanzliche Cremen und Salben die Hautgeneration. Besonders alt bew\u00e4hrte Einreibungsmittel, wie die <a href=\"https:\/\/www.inntaler-naturprodukte.de\/Das-Gute-aus-dem-Inntal\/Fuer-Gelenke--Muskeln--Sehnen\/murmeltier-salbe-75-ml.html\" target=\"_blank\" rel=\"noreferrer noopener\" aria-label=\"Murmeltier-Salbe (\u00f6ffnet in neuem Tab)\">Murmeltier-Salbe<\/a>, bringen wohltuende Erleichterung bei Muskel- und Gelenksbeschwerden.&nbsp;<\/p>\n\n\n\n<h4 class=\"wp-block-heading\"><strong>Riviera \u2013 \u00d6sterreichische Naturprodukte in bew\u00e4hrter Qualit\u00e4t<\/strong><\/h4>\n\n\n\n<p style=\"text-align: justify;\"><a href=\"https:\/\/www.riviera.at\" target=\"_blank\" rel=\"noreferrer noopener\" aria-label=\"Riviera (\u00f6ffnet in neuem Tab)\">Riviera<\/a> ist bekannt f\u00fcr die Herstellung von traditionell pflanzlichen Arzneimitteln wie Salben, Cremen und \u00d6len. Das Prinzip des \u00f6sterreichischen Traditionsunternehmens gilt damals wie heute \u2013 ausschlie\u00dflich Produkte mit dem h\u00f6chsten Qualit\u00e4tsstandard werden erzeugt. Dies wird mit Hilfe innovativer Produktforschung und st\u00e4ndiger Qualit\u00e4tskontrollen erreicht.<\/p>\n\n\n\n<div class=\"wp-block-image\"><figure class=\"aligncenter size-large is-resized\"><img loading=\"lazy\" decoding=\"async\" src=\"http:\/\/www.adeg-pleschberger.at\/2015\/wp-content\/uploads\/2019\/12\/Inntaler_Unterweger_Riviera_Collage-1024x768.png\" alt=\"\" class=\"wp-image-1659\" width=\"768\" height=\"576\" srcset=\"http:\/\/www.adeg-pleschberger.at\/2015\/wp-content\/uploads\/2019\/12\/Inntaler_Unterweger_Riviera_Collage-1024x768.png 1024w, http:\/\/www.adeg-pleschberger.at\/2015\/wp-content\/uploads\/2019\/12\/Inntaler_Unterweger_Riviera_Collage-300x225.png 300w, http:\/\/www.adeg-pleschberger.at\/2015\/wp-content\/uploads\/2019\/12\/Inntaler_Unterweger_Riviera_Collage-768x576.png 768w, http:\/\/www.adeg-pleschberger.at\/2015\/wp-content\/uploads\/2019\/12\/Inntaler_Unterweger_Riviera_Collage.png 1200w\" sizes=\"auto, (max-width: 768px) 100vw, 768px\" \/><figcaption>Hochwertige Cremen- und Seifen-Klassiker der Marken Unterweger, Inntaler und Riviera<\/figcaption><\/figure><\/div>\n\n\n\n<h4 class=\"wp-block-heading\"><strong>Florex \u2013 biologische Schafmilchseifen aus \u00d6sterreich&nbsp;<\/strong><\/h4>\n\n\n\n<p style=\"text-align: justify;\">Die Seifen und Cremen des ober\u00f6sterreichischen Familienbetriebs rund um Gerlinde Hofer zeichnen sich durch hochwertige Inhaltsstoffe und ausgew\u00e4hlte D\u00fcfte aus. Produziert wird zu 100% in \u00d6sterreich \u2013 mit gro\u00dfem Engagement und liebevoller Handarbeit am Hof. Mittlerweile sind <a href=\"https:\/\/www.schafmilchseifen.at\/de_start.html\" target=\"_blank\" rel=\"noreferrer noopener\" aria-label=\"Original Florex Schafmilchseifen (\u00f6ffnet in neuem Tab)\">Original Florex Schafmilchseifen<\/a> in \u00fcber 200 Farben und D\u00fcften erh\u00e4ltlich. Neben einem Standard-Seifenprogramm sowie liebevoll verpackten Geschenkartikeln f\u00fcr vielerlei Anl\u00e4sse wird das Sortiment mit Cremen, Badaccessoires und Frotteewaren stetig erweitert.<\/p>\n\n\n\n<h4 class=\"wp-block-heading\"><strong>Ovis Schafmilchseifen&nbsp;<\/strong><\/h4>\n\n\n\n<p style=\"text-align: justify;\">Ob <a href=\"https:\/\/www.hansen.at\/de\/produkte\/ovis-seifen\/\" target=\"_blank\" rel=\"noreferrer noopener\" aria-label=\"Schafmilchseifen (\u00f6ffnet in neuem Tab)\">Schafmilchseifen<\/a>, <a href=\"https:\/\/www.hansen.at\/de\/produkte\/ovis-pflegeprodukte\/\" target=\"_blank\" rel=\"noreferrer noopener\" aria-label=\"Schafmilchcremen (\u00f6ffnet in neuem Tab)\">Schafmilchcremen<\/a> oder <a href=\"https:\/\/www.hansen.at\/de\/produkte\/ovis-badezusaetze-bade-accessoires\/ovis-schafmilch-badeconfiserie\/\" target=\"_blank\" rel=\"noreferrer noopener\" aria-label=\"Schafmilch-Badeconfiserie (\u00f6ffnet in neuem Tab)\">Schafmilch-Badeconfiserie<\/a> \u2013 alle Ovis-Produkte zeichnen sich durch eine sehr milde Rezeptur auf rein pflanzlicher Basis aus. Ohne Mineral\u00f6le, Parabene oder Silikone. Die Ovis K\u00f6rperpflegeprodukte wie Gesichts- und Handcremen aus Schafmilch versorgen die Haut mit besonders viel N\u00e4hrstoffen und Feuchtigkeit. Handgefertigte Creme-Badezus\u00e4tze wiederum bieten eine luxuri\u00f6se Hautpflege und Entspannung mit rein nat\u00fcrlichen Inhaltsstoffen.<\/p>\n\n\n\n<div class=\"wp-block-image\"><figure class=\"aligncenter size-large is-resized\"><img loading=\"lazy\" decoding=\"async\" src=\"http:\/\/www.adeg-pleschberger.at\/2015\/wp-content\/uploads\/2019\/12\/Florex_Ovis_Collage_v02-1024x768.png\" alt=\"\" class=\"wp-image-1660\" width=\"768\" height=\"576\" srcset=\"http:\/\/www.adeg-pleschberger.at\/2015\/wp-content\/uploads\/2019\/12\/Florex_Ovis_Collage_v02-1024x768.png 1024w, http:\/\/www.adeg-pleschberger.at\/2015\/wp-content\/uploads\/2019\/12\/Florex_Ovis_Collage_v02-300x225.png 300w, http:\/\/www.adeg-pleschberger.at\/2015\/wp-content\/uploads\/2019\/12\/Florex_Ovis_Collage_v02-768x576.png 768w, http:\/\/www.adeg-pleschberger.at\/2015\/wp-content\/uploads\/2019\/12\/Florex_Ovis_Collage_v02.png 1200w\" sizes=\"auto, (max-width: 768px) 100vw, 768px\" \/><figcaption>Aus rein pflanzlichen Inhaltsstoffen &amp; aus Schafmilch erzeugt: Naturseifen von Florex und Ovis<\/figcaption><\/figure><\/div>\n","protected":false},"excerpt":{"rendered":"<p>Pflegende Naturkosmetik f\u00fcr K\u00f6rper, Geist &amp; Seele&nbsp; Naturkosmetik braucht keine exotischen Rohstoffe \u2013 sie setzt g\u00e4nzlich auf die wirkungsvolle Kraft der Pflanzen. Frei von synthetischen Zusatzstoffen findet sich in den Cremen, Salben und \u00e4therischen \u00d6len somit der ganze Reichtum der Natur wieder. Ganz ohne Parabene, Silikone oder Parabene. Die wertvollen Pflanzenextrakte und rein nat\u00fcrlichen Inhaltsstoffe<br \/><a class=\"moretag\" href=\"http:\/\/www.adeg-pleschberger.at\/2015\/sortiment\/naturkosmetik\/\">+ Mehr erfahren<\/a><\/p>\n","protected":false},"author":1,"featured_media":0,"parent":1039,"menu_order":3,"comment_status":"closed","ping_status":"closed","template":"page-fullwidth.php","meta":{"footnotes":""},"class_list":["post-1679","page","type-page","status-publish","hentry"],"_links":{"self":[{"href":"http:\/\/www.adeg-pleschberger.at\/2015\/wp-json\/wp\/v2\/pages\/1679","targetHints":{"allow":["GET"]}}],"collection":[{"href":"http:\/\/www.adeg-pleschberger.at\/2015\/wp-json\/wp\/v2\/pages"}],"about":[{"href":"http:\/\/www.adeg-pleschberger.at\/2015\/wp-json\/wp\/v2\/types\/page"}],"author":[{"embeddable":true,"href":"http:\/\/www.adeg-pleschberger.at\/2015\/wp-json\/wp\/v2\/users\/1"}],"replies":[{"embeddable":true,"href":"http:\/\/www.adeg-pleschberger.at\/2015\/wp-json\/wp\/v2\/comments?post=1679"}],"version-history":[{"count":19,"href":"http:\/\/www.adeg-pleschberger.at\/2015\/wp-json\/wp\/v2\/pages\/1679\/revisions"}],"predecessor-version":[{"id":1709,"href":"http:\/\/www.adeg-pleschberger.at\/2015\/wp-json\/wp\/v2\/pages\/1679\/revisions\/1709"}],"up":[{"embeddable":true,"href":"http:\/\/www.adeg-pleschberger.at\/2015\/wp-json\/wp\/v2\/pages\/1039"}],"wp:attachment":[{"href":"http:\/\/www.adeg-pleschberger.at\/2015\/wp-json\/wp\/v2\/media?parent=1679"}],"curies":[{"name":"wp","href":"https:\/\/api.w.org\/{rel}","templated":true}]}}

<figure class="wp-block-image size-large is-resized"><img loading="lazy" decoding="async" src="http://www.adeg-pleschberger.at/2015/wp-content/uploads/2019/12/Header-Cremen-und-Seifen-1024x480.png" alt="" class="wp-image-1695" width="1024" height="480" srcset="http://www.adeg-pleschberger.at/2015/wp-content/uploads/2019/12/Header-Cremen-und-Seifen-1024x480.png 1024w, http://www.adeg-pleschberger.at/2015/wp-content/uploads/2019/12/Header-Cremen-und-Seifen-300x141.png 300w, http://www.adeg-pleschberger.at/2015/wp-content/uploads/2019/12/Header-Cremen-und-Seifen-768x360.png 768w, http://www.adeg-pleschberger.at/2015/wp-content/uploads/2019/12/Header-Cremen-und-Seifen-1536x720.png 1536w, http://www.adeg-pleschberger.at/2015/wp-content/uploads/2019/12/Header-Cremen-und-Seifen.png 1600w" sizes="auto, (max-width: 1024px) 100vw, 1024px" /></figure>



<h3 class="wp-block-heading"><strong>Pflegende Naturkosmetik für Körper, Geist &amp; Seele&nbsp;</strong></h3>



<p style="text-align: justify;">Naturkosmetik braucht keine exotischen Rohstoffe – sie setzt gänzlich auf die wirkungsvolle Kraft der Pflanzen. Frei von synthetischen Zusatzstoffen findet sich in den Cremen, Salben und ätherischen Ölen somit der ganze Reichtum der Natur wieder. Ganz ohne Parabene, Silikone oder Parabene. 
Die wertvollen Pflanzenextrakte und rein natürlichen Inhaltsstoffe von Naturkosmetik-Produkten verwöhnen nicht nur Haut und Haar mit einer hochwertigen Pflege, sondern beleben auch Körper, Geist und Seele. &nbsp;</p>



<div class="wp-block-image"><figure class="aligncenter is-resized"><img loading="lazy" decoding="async" src="http://www.adeg-pleschberger.at/2015/wp-content/uploads/2019/12/Gerhard-Pleschberger-Naturkosmetik-1024x683.png" alt="" class="wp-image-1655" width="768" height="512" srcset="http://www.adeg-pleschberger.at/2015/wp-content/uploads/2019/12/Gerhard-Pleschberger-Naturkosmetik-1024x683.png 1024w, http://www.adeg-pleschberger.at/2015/wp-content/uploads/2019/12/Gerhard-Pleschberger-Naturkosmetik-300x200.png 300w, http://www.adeg-pleschberger.at/2015/wp-content/uploads/2019/12/Gerhard-Pleschberger-Naturkosmetik-768x512.png 768w, http://www.adeg-pleschberger.at/2015/wp-content/uploads/2019/12/Gerhard-Pleschberger-Naturkosmetik.png 1200w" sizes="auto, (max-width: 768px) 100vw, 768px" /><figcaption>In unserer Filiale in Mauterndorf gibt es eine breite Palette an verschiedensten Naturkosmetik-Produkten zu entdecken!</figcaption></figure></div>



<div class="wp-block-group"><div class="wp-block-group__inner-container is-layout-flow wp-block-group-is-layout-flow">
<div class="wp-block-group"><div class="wp-block-group__inner-container is-layout-flow wp-block-group-is-layout-flow">
<p style="text-align: justify;">In unserer Filiale <a href="http://www.adeg-pleschberger.at/2015/filialen/mauterndorf/">Mauterndorf</a> bieten wir eine große Palette an Naturkosmetik-Produkten von Cremen, Salben und Lotions über Saunakonzentrate bis hin zu Naturseifen unterschiedlichster Marken an. Auch in <a href="http://www.adeg-pleschberger.at/2015/filialen/mariapfarr/">Mariapfarr</a>, <a href="http://www.adeg-pleschberger.at/2015/filialen/gmuend/">Gmünd</a> und <a href="http://www.adeg-pleschberger.at/2015/filialen/rennweg/">Rennweg</a> bieten wir ein ausgewähltes Cremen- und Seifen-Sortiment an:
</div></div>
</div></div>



<h4 class="wp-block-heading"><strong>Unterweger – die Marke der Natur&nbsp;</strong></h4>



<p style="text-align: justify;">Bereits seit über 130 Jahren verwöhnen die vielseitigen Naturprodukte von <a rel="noreferrer noopener" aria-label="UNTERWEGER (öffnet in neuem Tab)" href="https://www.unterweger-wellness.com/de/" target="_blank">Unterwege</a><a href="https://www.unterweger-wellness.com/de/" target="_blank" rel="noreferrer noopener" aria-label="UNTERWEGER (öffnet in neuem Tab)">r</a> Körper, Geist und Seele. Die Kraft der Kräuter und Extrakte – wie Ringelblume, Lavendel, Zirbe oder Hanf – werden mit maximalen Erhalt ihrer Wirkung gewonnen und schonend verarbeitet. Als ätherische Öle, duftvolle Raumsprays sowie vitalisierende Cremen und Lotions entfalten sie auf ihre Weise eine belebende Wirkung.</p>



<h4 class="wp-block-heading"><strong>Inntaler Naturprodukte&nbsp;</strong></h4>



<p style="text-align: justify;">Die Marken <a href="https://www.inntaler-naturprodukte.de/Das-Gute-aus-dem-Inntal/" target="_blank" rel="noreferrer noopener" aria-label="Das Gute aus dem Inntal (öffnet in neuem Tab)">Das Gute aus dem Inntal</a> sowie <a href="https://www.inntaler-naturprodukte.de/Isentaler-Naturprodukte/" target="_blank" rel="noreferrer noopener" aria-label="Isentaler Naturprodukte (öffnet in neuem Tab)">Isentaler Naturprodukte</a> stehen für hochwertige und besonders verträgliche Naturprodukte für Haut, Muskeln, Gelenke und Wellness. Neben wohltuenden Saunaaufgüssen, die aus 100 Prozent reinen ätherischen Ölen hergestellt werden, fördern pflanzliche Cremen und Salben die Hautgeneration. Besonders alt bewährte Einreibungsmittel, wie die <a href="https://www.inntaler-naturprodukte.de/Das-Gute-aus-dem-Inntal/Fuer-Gelenke--Muskeln--Sehnen/murmeltier-salbe-75-ml.html" target="_blank" rel="noreferrer noopener" aria-label="Murmeltier-Salbe (öffnet in neuem Tab)">Murmeltier-Salbe</a>, bringen wohltuende Erleichterung bei Muskel- und Gelenksbeschwerden.&nbsp;</p>



<h4 class="wp-block-heading"><strong>Riviera – Österreichische Naturprodukte in bewährter Qualität</strong></h4>



<p style="text-align: justify;"><a href="https://www.riviera.at" target="_blank" rel="noreferrer noopener" aria-label="Riviera (öffnet in neuem Tab)">Riviera</a> ist bekannt für die Herstellung von traditionell pflanzlichen Arzneimitteln wie Salben, Cremen und Ölen. Das Prinzip des österreichischen Traditionsunternehmens gilt damals wie heute – ausschließlich Produkte mit dem höchsten Qualitätsstandard werden erzeugt. Dies wird mit Hilfe innovativer Produktforschung und ständiger Qualitätskontrollen erreicht.</p>



<div class="wp-block-image"><figure class="aligncenter size-large is-resized"><img loading="lazy" decoding="async" src="http://www.adeg-pleschberger.at/2015/wp-content/uploads/2019/12/Inntaler_Unterweger_Riviera_Collage-1024x768.png" alt="" class="wp-image-1659" width="768" height="576" srcset="http://www.adeg-pleschberger.at/2015/wp-content/uploads/2019/12/Inntaler_Unterweger_Riviera_Collage-1024x768.png 1024w, http://www.adeg-pleschberger.at/2015/wp-content/uploads/2019/12/Inntaler_Unterweger_Riviera_Collage-300x225.png 300w, http://www.adeg-pleschberger.at/2015/wp-content/uploads/2019/12/Inntaler_Unterweger_Riviera_Collage-768x576.png 768w, http://www.adeg-pleschberger.at/2015/wp-content/uploads/2019/12/Inntaler_Unterweger_Riviera_Collage.png 1200w" sizes="auto, (max-width: 768px) 100vw, 768px" /><figcaption>Hochwertige Cremen- und Seifen-Klassiker der Marken Unterweger, Inntaler und Riviera</figcaption></figure></div>



<h4 class="wp-block-heading"><strong>Florex – biologische Schafmilchseifen aus Österreich&nbsp;</strong></h4>



<p style="text-align: justify;">Die Seifen und Cremen des oberösterreichischen Familienbetriebs rund um Gerlinde Hofer zeichnen sich durch hochwertige Inhaltsstoffe und ausgewählte Düfte aus. Produziert wird zu 100% in Österreich – mit großem Engagement und liebevoller Handarbeit am Hof. Mittlerweile sind <a href="https://www.schafmilchseifen.at/de_start.html" target="_blank" rel="noreferrer noopener" aria-label="Original Florex Schafmilchseifen (öffnet in neuem Tab)">Original Florex Schafmilchseifen</a> in über 200 Farben und Düften erhältlich. Neben einem Standard-Seifenprogramm sowie liebevoll verpackten Geschenkartikeln für vielerlei Anlässe wird das Sortiment mit Cremen, Badaccessoires und Frotteewaren stetig erweitert.</p>



<h4 class="wp-block-heading"><strong>Ovis Schafmilchseifen&nbsp;</strong></h4>



<p style="text-align: justify;">Ob <a href="https://www.hansen.at/de/produkte/ovis-seifen/" target="_blank" rel="noreferrer noopener" aria-label="Schafmilchseifen (öffnet in neuem Tab)">Schafmilchseifen</a>, <a href="https://www.hansen.at/de/produkte/ovis-pflegeprodukte/" target="_blank" rel="noreferrer noopener" aria-label="Schafmilchcremen (öffnet in neuem Tab)">Schafmilchcremen</a> oder <a href="https://www.hansen.at/de/produkte/ovis-badezusaetze-bade-accessoires/ovis-schafmilch-badeconfiserie/" target="_blank" rel="noreferrer noopener" aria-label="Schafmilch-Badeconfiserie (öffnet in neuem Tab)">Schafmilch-Badeconfiserie</a> – alle Ovis-Produkte zeichnen sich durch eine sehr milde Rezeptur auf rein pflanzlicher Basis aus. Ohne Mineralöle, Parabene oder Silikone. Die Ovis Körperpflegeprodukte wie Gesichts- und Handcremen aus Schafmilch versorgen die Haut mit besonders viel Nährstoffen und Feuchtigkeit. Handgefertigte Creme-Badezusätze wiederum bieten eine luxuriöse Hautpflege und Entspannung mit rein natürlichen Inhaltsstoffen.</p>



<div class="wp-block-image"><figure class="aligncenter size-large is-resized"><img loading="lazy" decoding="async" src="http://www.adeg-pleschberger.at/2015/wp-content/uploads/2019/12/Florex_Ovis_Collage_v02-1024x768.png" alt="" class="wp-image-1660" width="768" height="576" srcset="http://www.adeg-pleschberger.at/2015/wp-content/uploads/2019/12/Florex_Ovis_Collage_v02-1024x768.png 1024w, http://www.adeg-pleschberger.at/2015/wp-content/uploads/2019/12/Florex_Ovis_Collage_v02-300x225.png 300w, http://www.adeg-pleschberger.at/2015/wp-content/uploads/2019/12/Florex_Ovis_Collage_v02-768x576.png 768w, http://www.adeg-pleschberger.at/2015/wp-content/uploads/2019/12/Florex_Ovis_Collage_v02.png 1200w" sizes="auto, (max-width: 768px) 100vw, 768px" /><figcaption>Aus rein pflanzlichen Inhaltsstoffen &amp; aus Schafmilch erzeugt: Naturseifen von Florex und Ovis</figcaption></figure></div>

<p>Pflegende Naturkosmetik für Körper, Geist &amp; Seele&nbsp; Naturkosmetik braucht keine exotischen Rohstoffe – sie setzt gänzlich auf die wirkungsvolle Kraft der Pflanzen. Frei von synthetischen Zusatzstoffen findet sich in den Cremen, Salben und ätherischen Ölen somit der ganze Reichtum der Natur wieder. Ganz ohne Parabene, Silikone oder Parabene. Die wertvollen Pflanzenextrakte und rein natürlichen Inhaltsstoffe<br /><a class="moretag" href="http://www.adeg-pleschberger.at/2015/sortiment/naturkosmetik/">+ Mehr erfahren</a></p>
